3 - 5*a**2 - 18*a - 7. Let t(j) = -j**3 + 2*j**2 + 6*j + 2. Let v(w) = 4*r(w) + 11*t(w). Give v(d).
-14
Suppose 0 = -5*k - 5*v + 10, 0 = -k - 0*v + 4*v - 13. Let z = 0 - 0. Let b(f) = z*f - 5*f**3 + 2*f**3 + 2*f + 1. Calculate b(k).
2
Let y(q) = -q**3 + 6*q**2 + 16*q - 6. Suppose 4*b = -i + 12 + 17, -b + 17 = -3*i. What is y(b)?
-6
Let j(t) = 3*t**2 - 3*t + 3. Suppose -4*r = 2*u - r + 2, 0 = -3*u - 5*r - 5. Suppose 2*c = 5*q + c - u, 4*q - 2*c = -2. What is j(q)?
9
Suppose 22*g - 264 = -110. Let l(d) = 7*d - 8. Calculate l(g).
41
Let x(v) be the first derivative of 3*v + 14 - 1/2*v**2. Determine x(5).
-2
Suppose 5*o - 34 = -4*p + 3*o, -43 = -4*p + o. Suppose -19*k + p = -24*k. Let a(c) = -2*c**3 - 2*c**2 + 2*c + 1. Give a(k).
5
Suppose 5*x - 15 = 5*j, j + x + 12 = 1. Let w(r) be the first derivative of r**4/4 + 8*r**3/3 + 3*r**2 + 2*r + 613. What is w(j)?
9
Let t(m) = -m + 7. Let x(u) = u**3 - 5*u**2 + 3*u + 4. Let s be x(4). Let q(w) = w. Let p be q(s). Let h be p + 1 + 0 + -1. Give t(h).
7
Let m(q) = -q**2 + 8*q + 5. Let y(n) = n**2 + n + 1. Let f(h) = -5*h**2 - 12*h - 13. Let v(r) = -f(r) - 6*y(r). Let c be v(6). Determine m(c).
12
Let v = -12 - -7. Let n(x) = x**2 - 6*x + 2. Let z be n(6). Let r(f) = -6*f**3 + 8*f**3 + 5*f**z - 4 - f - f**3. What is r(v)?
1
Let v = -104 - -109. Let q(t) = 2*t - 5*t - t**2 + 15*t - 5 - v*t. What is q(7)?
-5
Let j(f) = 5*f**3 - 24*f**2 - 9*f - 1. Let d(a) = 4*a**3 - 21*a**2 - 10*a - 2. Let q(y) = -4*d(y) + 3*j(y). Determine q(13).
5
Let a(u) = -28*u + 52*u - u**2 - 30*u + 3. Suppose -3*h = -o - 14, 22 = 3*o - 5*o + 4*h. Calculate a(o).
8
Let b(y) = 12*y. Let z(l) = 1. Let o(i) = -b(i) - z(i). Calculate o(2).
-25
Let x(y) = -2*y + 7. Suppose -p = w - 4, p - 18 = -p + 3*w. Determine x(p).
-5
Let b(p) = -11*p + 11. Let n(g) = 9*g - 10. Let m(s) = 5*b(s) + 6*n(s). Calculate m(-13).
8
Let a(h) be the third derivative of h**4/24 - 8*h**3/3 + 2*h**2. Let t be -40 + 43 + (-1)/1*1. Suppose z - 2*r - t*r = 19, -3*r = z + 2. Determine a(z).
-9
Let g(p) be the second derivative of -1/20*p**5 + 2*p**2 + 1/3*p**3 - 9*p - 1/6*p**4 + 0. What is g(-3)?
7
Let d(i) = 4*i + 5. Suppose -4*y - 16*z = -17*z - 14, 0 = 2*y + 2*z - 2. Give d(y).
17
Let r = 7 + -12. Let p(z) = -4*z - 49. Let c(l) = 3*l + 33. Let i(g) = r*p(g) - 7*c(g). Determine i(10).
4
Let j(a) be the second derivative of a**5/20 - 11*a**4/12 + 11*a**3/6 - a**2/2 - 223*a. Give j(10).
9
Let n(y) = 3*y**3 + 10*y**2 + 9*y + 2. Let u(v) = -v**3. Let p(s) = n(s) + 2*u(s). Let q be p(-9). Let g(h) = -2*h**2 + 4*h - 2. Calculate g(q).
-2
Let z(k) = -2*k**3 + 15*k**2 + 6*k + 2. Let i(q) = 3*q**3 - 27*q**2 - 11*q - 5. Let r(p) = 3*i(p) + 5*z(p). Determine r(-5).
-15
Let k = -1559 - -1567. Let d(z) = -5*z + 31. Determine d(k).
-9
Suppose -3*u + 40 = -4*i, 2*i - 4*u + 2 = -28. Let h(x) = -x**3 - 6*x**2 + 8*x - 7. Determine h(i).
-14
Suppose -2*p + 16 = 2*p. Let d(s) = 2*s**2 + 6*s + 5. Let f(m) = 3*m**2 + 7*m + 5. Let c(t) = 4*d(t) - 3*f(t). Determine c(p).
1
Suppose -2*l + 0*x + 21 = -x, -3*l + 4*x + 34 = 0. Let h = -11 + l. Let i(k) = -2*k**2 + k + k**2 + 0*k. Calculate i(h).
-2
Let y(o) = o**2 + 4*o + 7. Let q be 2/((-7)/(168/16)). Give y(q).
4
Let g(u) = -u**2 - 3*u + 4. Suppose 0 = 3*w - 0*w - 21. Let z(a) = 5*a + 2 - 6*a - w - a**3. Let r be z(0). Give g(r).
-6
Let l = 115 - 689/6. Let t(x) be the second derivative of 4*x + l*x**3 + 0 - 1/2*x**2. Give t(3).
2
Let y(h) = -57*h + h**3 - 4*h**2 - 2 + 99*h - 46*h. Let b be (1/(-2))/(1/(-10)). Let p be y(b). Let r(q) = 4*q - 3. Determine r(p).
9
Let b(g) = -17 + 8 - 7*g + 10*g - 4*g. Calculate b(-7).
-2
Let c(g) be the third derivative of -g**4/8 - 5*g**3/6 + 138*g**2. What is c(-4)?
7
Let o(r) = r**3 - 8*r**2 - 9*r. Let u be o(9). Suppose u*w = -4*w + 16. Let l(y) = -1 - 3*y + w*y - 1 + 6. Calculate l(0).
4
Let t(c) = -33 - 237*c**3 + 84*c**3 + 79*c**3 + c**2 + 75*c**3. What is t(0)?
-33
Let p(t) be the second derivative of -3*t**4/4 + 86*t. Suppose -2*f - 5*a - 4 = 14, a = -f - 3. Determine p(f).
-9
Suppose -3*k = 0, -l - l + 4*k = -18. Let z be (8/6)/((-3)/l) + 11. Let m(h) = h**2 - 8*h + 1. What is m(z)?
-6
Let u(l) be the second derivative of -l**5/20 + 5*l**4/12 + 4*l**3/3 - 19*l**2/2 + 2*l + 38. What is u(6)?
-7
Let s(r) = r**3 + 9*r**2 + 11*r + 7. Let t = 309 - 317. Calculate s(t).
-17
Let u(v) = -2*v**2 + 26*v - 42. Let o be u(11). Let i(a) be the first derivative of -1/4*a**4 + 2*a**2 - 5*a + o - a**3. What is i(-4)?
-5
Let o(u) = 4*u - 22 - 38 + 60 - 3*u. Let b = 1 - -3. Calculate o(b).
4
Let r(n) = n**3 - 8*n**2 - 8*n - 13. Suppose -15*c = -196 + 61. Calculate r(c).
-4
Suppose 7 = -3*r - g, 4*g + 15 = -5*r + 1. Let x(v) be the third derivative of -6*v**2 + 0 - 1/12*v**4 + 0*v + 0*v**3. Give x(r).
4
Let r(l) be the third derivative of l**6/360 + l**5/24 - 5*l**4/24 + 13*l**3/2 - 34*l**2. Let b(v) be the first derivative of r(v). Give b(-6).
1
Let l(d) = d - 14. Let x(h) = 6*h**2 - 26*h - 6. Let a(i) = -2*i**2 + 38*i + 5. Let w be a(19). Let b be x(w). Calculate l(b).
0
Let q(j) = -j**3 + 5*j**2 + 5*j - 4. Let o be q(5). Let b be 2*(-1 + o/6). Suppose u - 9 = -5*z, b*u = -0*z - 2*z + 22. Let n(r) = 7*r**2 + r. Calculate n(z).
8
Suppose 8 = -2*d, -d = -3*y - 0*d + 19. Suppose 0*q = -3*q. Let u(l) = -l - 2 + q*l + 12. Calculate u(y).
5
Let y(w) = -4 + 191*w**2 - 90*w**2 + w - 99*w**2. Determine y(3).
17
Let u(a) be the third derivative of a**4/6 - a**3 - 19*a**2 + 3. Give u(1).
-2
Let i(n) = -n**2 - n + 1. Let c be 8 + -4*(-2)/(-2). Suppose q - m + c = -q, -1 = 3*q - 4*m. What is i(q)?
-5
Let t(b) = 20*b + 3. Let w(v) = 7*v + 1. Let r(j) = -6*t(j) + 17*w(j). Suppose 0*c + c = 0. Calculate r(c).
-1
Let y be (-2812)/(-285) - (-2)/15. Let l(d) = -d**3 + 9*d**2 + 9*d + 1. Determine l(y).
-9
Let w(l) = 5*l**3 - 4*l**2 + 4*l - 13. Let v(z) be the third derivative of -z**6/30 + z**5/20 - z**4/8 + 2*z**3 + 7*z**2. Let q(b) = 4*v(b) + 3*w(b). Give q(0).
9
Let j be (3/6)/(3/(-18)). Let l(h) = -h**3 - 3*h**2 + 2*h - 4. Give l(j).
-10
Let a(t) = -t**2 - 8*t + 2. Let g(x) = 24*x + 329. Let w be g(-14). Calculate a(w).
9
Let h(x) be the second derivative of x**5/20 - 7*x**3/6 + 4*x**2 + 355*x. What is h(3)?
14
Let d(i) = i**2 - 2*i - 6. Suppose 2*a = s - 33 + 28, s + 15 = -2*a. Determine d(s).
29
Let r(u) = 12*u**2 + u - 1. Let g be (-8)/(-4) + 0 - -2. Let j(z) = z**3 - 8*z**2 + 17*z - 3. Let f be j(g). Determine r(f).
12
Let m(f) = -6*f - 1. Suppose -2 = -o - 0. Let y be (-1)/o*(-26)/1. Let w = -14 + y. Calculate m(w).
5
Let h be 4/(-18) - (-760)/180. Let z(k) = k**2 + 2*k - 3. Determine z(h).
21
Let f(l) be the third derivative of l**8/20160 + l**7/1008 - l**6/360 - 2*l**5/3 + 18*l**2. Let i(x) be the third derivative of f(x). Calculate i(-4).
-6
Let s(x) = 8405 + 0*x**2 - 8407 + 4*x - 17*x**2. What is s(1)?
-15
Let x(m) be the third derivative of -m**5/60 + m**4/24 + 13*m**3/6 - 2*m**2 + 133*m. Let r be 0 + 0 - 0/1. Determine x(r).
13
Let b = 72 - 65. Let y(i) = i**3 - 4*i**2 - 9*i - 7. Let f(g) = -g**3 + 3*g**2 + 10*g + 6. Let r(m) = 2*f(m) + 3*y(m). Determine r(b).
-9
Let y(j) be the second derivative of j**3/6 + 7*j**2/2 + 3*j - 19. Let x(h) = h**3 - 5*h**2 + 2*h + 3. Let z be x(4). What is y(z)?
2
Let t be (4/3)/((-3864)/189 + 20). Let v(z) be the first derivative of -z**4/2 - z**3 + z**2/2 - 4*z - 1. What is v(t)?
20
Let s(v) = 9*v + 17. Let a(u) = 17*u + 30. Let g(t) = 3*a(t) - 5*s(t). What is g(-2)?
-7
Suppose -8*y + 4*y + 64 = 0. Let t = -11 + y. Let w(n) = 4*n - t*n - 2*n + 4*n + 2. Calculate w(-6).
-4
Let a(p) = 8*p - 1. Let f = -25 - -31. Let h(s) = -4*s + f*s - 3 - 3*s + 9. Let z be h(5). Give a(z).
7
Let m be ((-4)/(-12))/(2/42). Let p(j) = j**3 - 8*j**2 + 7*j + 2. Let u be p(m). Let a be 99/(-15) - u/5. Let s(l) = l + 9. Determine s(a).
2
Let k(q) = 69*q**2 + 12*q - 19. Let z(o) = -21*o**2 - 4*o + 6. Let l(y) = -6*k(y) - 19*z(y). What is l(2)?
-52
Let r(k) = 12*k - 1. Let q be (-4)/(-10) + 128/(-20). Let o = q + 9. Let x = 2 - o. Calculate r(x).
-13
Suppose 5*f - 10 = 0, -f - 4*f + 8 = -d. Let r(v) = -2*v**2 - 6*v - 4*v**d + 5*v**2 + 0*v**2. Let s(k) = 2*k + 2. Let l be s(-4). What is r(l)?
0
Let a(n) = -2*n**2 - 3*n + 2. Let l be a(-3). Let z(q) = -95 + 7*q**2 + 21 + 23 + 27 + q**3 + 23. Determine z(l).
-1
Le